{"id":2912,"date":"2021-04-21T14:45:29","date_gmt":"2021-04-21T12:45:29","guid":{"rendered":"https:\/\/orgue.musicrea-jmc.fr\/boutique\/?post_type=product&#038;p=2912"},"modified":"2025-12-31T14:42:14","modified_gmt":"2025-12-31T13:42:14","slug":"cours-video-dimprovisation-a-lorgue-caprice-sur-les-grands-jeux","status":"publish","type":"product","link":"https:\/\/orgue.musicrea-jmc.fr\/boutique\/produit\/cours-video-dimprovisation-a-lorgue-caprice-sur-les-grands-jeux\/","title":{"rendered":"Cours Vid\u00e9o d&#8217;improvisation \u00e0 l&#8217;Orgue : &#8220;Caprice sur les Grands Jeux&#8221;"},"content":{"rendered":"<p><iframe src=\"\/\/www.youtube.com\/embed\/QmBVr-J31sI\" width=\"560\" height=\"314\" allowfullscreen=\"allowfullscreen\"><\/iframe><\/p>\n<p>Apprenez \u00e0 improviser dans le style XVIII\u00e8me en combinant \u00e9l\u00e9ments fugu\u00e9s, formules en dialogues, conclusions sur p\u00e9dales de dominantes. Vous pourrez d\u00e9velopper ces diff\u00e9rentes techniques en choisissant un parcours tonal, ou de mani\u00e8re plus instinctive, en vous promenant au gr\u00e9 des diff\u00e9rentes tonalit\u00e9s.<\/p>\n<p><strong>Sommaire du cours vid\u00e9o :<\/strong><\/p>\n<ul style=\"list-style-type: disc;\">\n<li><span style=\"font-size: large;\">Introduction<\/span><\/li>\n<li><span style=\"font-size: large;\">1<sup>er<\/sup> \u00e9l\u00e9ment-Sujet \u00e0 4 entr\u00e9es (structure&amp;harmonisation)<\/span><\/li>\n<li><span style=\"font-size: large;\">En commen\u00e7ant par la basse<\/span><\/li>\n<li><span style=\"font-size: large;\">1\u00e8re formule extraite du sujet : encha\u00eenements d\u2019accords<\/span><\/li>\n<li><span style=\"font-size: large;\">Comment jouer et d\u00e9velopper cette formule<\/span><\/li>\n<li><span style=\"font-size: large;\">Marche sixte&amp;quinte<\/span><\/li>\n<li><span style=\"font-size: large;\">Improvisation comment\u00e9e<\/span><\/li>\n<li><span style=\"font-size: large;\">Introduction\u00a0: Comment improviser librement sur ce th\u00e8me, en voyageant dans les tonalit\u00e9s gr\u00e2ce \u00e0 deux marches harmoniques<\/span><\/li>\n<li><span style=\"font-size: large;\">Marches modulantes &amp; exemples de cheminements pour improviser<\/span><\/li>\n<li><span style=\"font-size: large;\">P\u00e9dale de dominante : comment jouer une conclusion sans difficult\u00e9<\/span><\/li>\n<li><span style=\"font-size: large;\">Reprise de l\u2019improvisation comment\u00e9e, cette fois-ci <i>A tempo<\/i><\/span><\/li>\n<li><span style=\"font-size: large;\"><b>Dur\u00e9e totale :<\/b> 1 heure, 2 mn <br \/>\n<\/span><\/li>\n<\/ul>\n<p><strong>Deux fichiers PDF accompagnent le cours vid\u00e9o :<\/strong><\/p>\n<ul style=\"list-style-type: disc;\">\n<li><em><strong>Le chapitrage du cours vid\u00e9o<\/strong><\/em><\/li>\n<li><em><strong>Une partition contenant les diff\u00e9rents \u00e9l\u00e9ments constitutifs<\/strong><\/em><\/li>\n<\/ul>\n<p>Nb : Le fichier \u00e0 t\u00e9l\u00e9charger est sous forme d&#8217;archive RAR. Il est n\u00e9cessaire de le d\u00e9compresser apr\u00e8s son t\u00e9l\u00e9chargement et enregistrement.<\/p>\n<p>Lien pour t\u00e9l\u00e9charger WINZIP gratuitement (logiciel de d\u00e9compression pour les fichiers ZIP ou RAR) : <a href=\"https:\/\/www.winzip.com\/win\/fr\/landing\/download-winzip.html?gclid=EAIaIQobChMIn8i6-a2P8AIVkBkGAB30FwHmEAAYASAAEgKZRvD_BwE\">T\u00e9l\u00e9charger WINZIP<\/a><\/p>\n","protected":false},"excerpt":{"rendered":"<p>Apprenez \u00e0 improviser dans le style XVIII\u00e8me en combinant \u00e9l\u00e9ments fugu\u00e9s, formules en dialogues, conclusions sur p\u00e9dales de dominantes. Vous pourrez d\u00e9velopper ces diff\u00e9rentes techniques en choisissant un parcours tonal, ou de mani\u00e8re plus instinctive, en vous promenant au gr\u00e9 des diff\u00e9rentes tonalit\u00e9s. Sommaire du cours vid\u00e9o : Introduction 1er \u00e9l\u00e9ment-Sujet \u00e0 4 entr\u00e9es (structure&amp;harmonisation) [&hellip;]<\/p>\n","protected":false},"featured_media":2914,"comment_status":"closed","ping_status":"closed","template":"","meta":[],"product_brand":[],"product_cat":[25],"product_tag":[],"class_list":{"0":"post-2912","1":"product","2":"type-product","3":"status-publish","4":"has-post-thumbnail","6":"product_cat-cours-video-telechargeable","8":"first","9":"instock","10":"downloadable","11":"virtual","12":"purchasable","13":"product-type-simple"},"jetpack_sharing_enabled":true,"_links":{"self":[{"href":"https:\/\/orgue.musicrea-jmc.fr\/boutique\/wp-json\/wp\/v2\/product\/2912","targetHints":{"allow":["GET"]}}],"collection":[{"href":"https:\/\/orgue.musicrea-jmc.fr\/boutique\/wp-json\/wp\/v2\/product"}],"about":[{"href":"https:\/\/orgue.musicrea-jmc.fr\/boutique\/wp-json\/wp\/v2\/types\/product"}],"replies":[{"embeddable":true,"href":"https:\/\/orgue.musicrea-jmc.fr\/boutique\/wp-json\/wp\/v2\/comments?post=2912"}],"wp:featuredmedia":[{"embeddable":true,"href":"https:\/\/orgue.musicrea-jmc.fr\/boutique\/wp-json\/wp\/v2\/media\/2914"}],"wp:attachment":[{"href":"https:\/\/orgue.musicrea-jmc.fr\/boutique\/wp-json\/wp\/v2\/media?parent=2912"}],"wp:term":[{"taxonomy":"product_brand","embeddable":true,"href":"https:\/\/orgue.musicrea-jmc.fr\/boutique\/wp-json\/wp\/v2\/product_brand?post=2912"},{"taxonomy":"product_cat","embeddable":true,"href":"https:\/\/orgue.musicrea-jmc.fr\/boutique\/wp-json\/wp\/v2\/product_cat?post=2912"},{"taxonomy":"product_tag","embeddable":true,"href":"https:\/\/orgue.musicrea-jmc.fr\/boutique\/wp-json\/wp\/v2\/product_tag?post=2912"}],"curies":[{"name":"wp","href":"https:\/\/api.w.org\/{rel}","templated":true}]}}